 c**2 + 29*c. Determine a(-5).
13
Let f(g) be the third derivative of -1/6*g**4 + 8*g**2 - 1/20*g**5 + 0*g + 0 - 1/2*g**3. Give f(-2).
-7
Let c(q) = -q - 16. Let l be c(-19). Let b(v) = -v**3 + 2*v**2 + 4*v - 1. Calculate b(l).
2
Let m(l) = l**3 + 3*l**2 - 10*l + 4. Let j be (6/(-4))/((-6)/8). Let a(z) = -z**j - 3*z**2 + 5*z**2 - z. Let p(o) = -5*a(o) + m(o). Determine p(3).
-2
Let s(d) be the third derivative of d**8/6720 - d**7/360 + d**6/180 + d**5/40 + d**4/12 - 3*d**2. Let n(z) be the second derivative of s(z). Calculate n(6).
-9
Let v be (-24)/16*(-24)/(-9). Let q(g) = 0*g**3 + 2*g**2 + g**3 - 2 + 1 - 6*g. Calculate q(v).
-9
Let r(u) = 4*u**2 - 2*u + 3. Let p(v) = v**3 + 3*v**2 - 2*v + 2. Let o(j) = -4*p(j) + 3*r(j). Let t = 17 - 18. Give o(t).
3
Suppose 8 = -2*l - 2*l. Let d = -1 - l. Let h(b) be the first derivative of -3*b**2 + b + 4. Give h(d).
-5
Suppose u + 5 = 2*u. Let p(a) = -4*a**2 + 11*a - 4. Let g(v) = -v**2 + v - 1. Let y(h) = u*g(h) - p(h). Give y(-4).
7
Let u(a) = 7*a**3 + a**2 - 6*a - 5. Let i(l) = 20*l**3 + 2*l**2 - 17*l - 15. Let j(n) = 6*i(n) - 17*u(n). Calculate j(5).
-5
Suppose -v = -4, -4*y + 3*v = 5*v - 16. Suppose -i = -g + 4, y*g - 4*i = -0*g + 8. Let l(w) = -g*w + 6*w - w. Give l(-3).
-3
Suppose 3*w = 4*v - 39, 6 - 35 = -4*v + w. Let p(m) = -2*m + 2. Calculate p(v).
-10
Let w(j) = 5*j. Suppose -2*v = 5*l + 5, 3*v + 2*v = 2*l + 2. Determine w(l).
-5
Let v(r) = r + 3. Suppose 3*o - 5*x - 30 = 8*o, 8 = -4*x. Let m = o - -7. What is v(m)?
6
Let l(z) = 9*z**3 - 7*z**2 - 7*z + 3. Let v(q) = 4*q**3 - 3*q**2 - 3*q + 1. Let c(h) = -3*l(h) + 7*v(h). What is c(0)?
-2
Let x(n) = 7*n**3 - 1. Suppose -6 = -5*s - s. Calculate x(s).
6
Let n = 5 + -4. Let d(w) = 6*w**3 + 2*w**3 + 0*w**2 + w**2. Calculate d(n).
9
Let g(z) = -z**2 + 3*z - 2. Let q = 130 + -127. Determine g(q).
-2
Let s be (1 + -2)*-1 + 5. Suppose 0 = 3*r - s. Let q(n) be the first derivative of 2*n**2 - 3. Determine q(r).
8
Let m(k) = -k**2 - 6*k + 2. Suppose 4*o + 2*n - 2 - 12 = 0, -5*o + 16 = 3*n. Suppose b = o*x + 32, 8 = 4*b - 0. Determine m(x).
2
Let r(h) = -h**2 + 5*h - 3. Let b = 17 - 12. Let u be r(b). Let n(y) = -y**2 - 4*y - 4. Let x(j) = j. Let i(v) = n(v) + x(v). Calculate i(u).
-4
Let h(i) be the second derivative of -1/12*i**4 - 3*i + 0 - 1/2*i**2 - 2/3*i**3. Give h(-5).
-6
Let j(a) = 11*a - 11. Let z(h) = -13*h + 11. Let y(s) = 6*j(s) + 5*z(s). Give y(5).
-6
Let h(v) = -v**2 + 6*v**3 - 6 + 2 - 5*v**3. Give h(0).
-4
Suppose 0 = -4*d + 85 - 17. Suppose -3*u - u + d = -3*a, 0 = -3*u - 4*a - 6. Let r(m) = m**2 - m - 1. Determine r(u).
1
Let a(g) = g**3 - g**2 - g + 1. Let x(b) = 3*b**3 + b**2 - b + 6. Let p(z) = 2*a(z) - x(z). What is p(-4)?
16
Let w(n) = 3*n**2 - 2*n**2 + 2 + 3*n - 1 + 1. What is w(-3)?
2
Let x(r) be the second derivative of -r**3/6 + r**2/2 + 7*r. Determine x(-6).
7
Let o(k) = k**2 - 3*k - 3. Let n(z) = -1 - z - 1 + 3. Let h(q) = -q**3 + 3*q**2 - q - 1. Let s be h(3). Let l be n(s). Give o(l).
7
Let b(a) = -a - 11. Let n be b(-11). Suppose -5*u + 2 + 13 = n. Let m(f) = -6*f**2 - 4*f - f**2 + f**u - 4 + f**2 + 2*f**2. Determine m(5).
1
Let m(q) = -q + 3. Let k = 6 + 1. What is m(k)?
-4
Let l(z) = z**2 - 5*z. Let f be 2 + 3 + -3 + 2. Suppose -f*p + 15 + 0 = -u, -4*p + 2*u = -18. Determine l(p).
-6
Let d(z) = z**2 - 5*z. Let a(x) = -x + 1. Let m be a(-2). Suppose -q + m + 10 = 2*r, 0 = -3*q + 9. Determine d(r).
0
Suppose 7*r - 8*r + 3 = 0. Let f(o) = -o + 1. What is f(r)?
-2
Let x(b) = b**2 - b. Let t(f) = 2*f - 2. Let w be t(4). Let z = 7 - w. Determine x(z).
0
Let v(w) = -9*w**2 + w - 13. Let h(b) = -5*b**2 - 7. Let d(g) = 11*h(g) - 6*v(g). Give d(-5).
6
Let x(j) = j**2 - 15*j. Let d be x(15). Let n(r) be the second derivative of -2*r + 3/2*r**2 + 1/2*r**3 + d - 1/12*r**4. What is n(4)?
-1
Let i(q) be the third derivative of -13*q**5/60 + q**4/24 - q**3/6 - 16*q**2. What is i(1)?
-13
Let c(r) = 2*r**2 + 4*r - 1. Let z(s) = -8*s. Let o(f) = -f + 5. Let q be o(4). Let l be z(q). Let y be (12/16)/(2/l). Determine c(y).
5
Let c(m) = -m**2 + 6*m - 5. Let k = -21 + 9. Let i = -6 - k. Suppose -g + i = 1. Calculate c(g).
0
Let s(b) be the first derivative of -b**5/20 - b**4/6 + b**3/3 + b**2 - b - 1. Let d(g) be the first derivative of s(g). Let t = -124 - -121. Give d(t).
5
Suppose 2*f = 6*f. Let g(y) = y. Let d(o) = -o**2 + 5*o - 1. Let x(u) = -d(u) + 4*g(u). Give x(f).
1
Suppose 3*l + 3 = 4*l. Let u be (-6)/(-8) - 5/(-20). Let a = l + u. Let y(q) = -q**2 + 4*q - 3. Give y(a).
-3
Let s(m) = m - 2. Suppose 12*t - 4*t = 40. What is s(t)?
3
Let u be (-14)/84 - (-23)/(-6) - -3. Let t(r) = 2 + 7*r**3 - 2*r**3 - 3 - r. Determine t(u).
-5
Let d(v) = 9*v**2 + 21*v + 1. Let i(l) be the first derivative of 5*l**3/3 + 11*l**2/2 + 4. Let p(j) = 6*d(j) - 11*i(j). Calculate p(5).
6
Let i(j) = 2*j - 4. Let k(z) = -z - 1. Let w be k(-7). Give i(w).
8
Suppose 2*v = 3 + 1. Suppose -r + a = v, -a + 6*a = 20. Suppose 0 = -p - p + 3*n + 3, 0 = p - r*n - 2. Let l(s) = s**2 - 2. Determine l(p).
-2
Let v(f) = -f**2 + 7*f - 5. Let b be (-12)/((-2 + 0)*1). Determine v(b).
1
Suppose -13*f = -14*f - 2. Suppose 0*d = -2*d. Let i(n) = d - 3*n**2 - 2*n + 1 + 4*n**2. Calculate i(f).
9
Suppose -4*o - 4*c - 26 = -o, 4*o = -2*c - 18. Let h(b) = 2*b. What is h(o)?
-4
Let b = -33 - -36. Let h(p) = p**3 - 2*p**2 - 3*p - 4. What is h(b)?
-4
Let i = 8 + -5. Suppose -2*l + i*l - 4*g = -4, 5*g = -2*l + 18. Suppose -z = -l*z + 15. Let s(q) = q + 3. Give s(z).
8
Let m(i) = -i**3 + 6*i**2 - 4*i - 3. Let o(s) = s - 11. Let z be (-7 - -9)/(2/8). Let p be o(z). Let v(a) = a**3 + 4*a**2 + a - 1. Let b be v(p). What is m(b)?
2
Let z(n) = -n**2 - 7*n - 7. Let o be ((-3)/4)/((-4)/192). Suppose -5*f = -0*f - 2*x + o, -5*x = -2*f - 27. Give z(f).
-1
Let l(h) = h**3 + 9*h**2 - 8*h + 9. Let p = -81 + 71. Determine l(p).
-11
Let t(d) be the second derivative of -d**3/6 - 2*d. Suppose -2*b + 5*m - 24 = 0, 2*b = -2*m + 4 - 0. Calculate t(b).
2
Let i(z) be the third derivative of z**5/60 - 5*z**4/24 - z**3 + z**2. Suppose 0 = 4*k - 4*j - 32, -4*k + 5*k + 4*j = -7. Determine i(k).
-6
Let o(z) = 5*z + z - 5*z. Give o(-2).
-2
Let w(l) = 2*l**3 + 2*l**2 + l. Let y(b) be the first derivative of b**2/2 - 11*b + 3. Let p be y(9). Give w(p).
-10
Let f be (2/(-7))/(1/(-7)). Suppose f*j - o = o + 20, 8 = -2*o. Let t(z) = z**3 - 7*z**2 + 8*z - 9. Determine t(j).
3
Let j(p) = -4*p**3 - 9*p**2 - 12*p + 12. Let u(c) = 5*c**3 + 10*c**2 + 13*c - 13. Let g(a) = -6*j(a) - 5*u(a). Let t = 0 - -5. What is g(t)?
3
Let b = 14 + -8. Let m(c) = c**3 - 5*c**2 - 5*c + 2. Determine m(b).
8
Let m(t) = -5*t - 17. Let y = 5 - 9. Let p(j) = 3*j + 9. Let d(v) = y*m(v) - 7*p(v). Calculate d(-4).
9
Let x = 8 - 7. Let y = 6 - x. Let a(c) = 2 + 2*c**2 - 6 - 2*c - c**2. What is a(y)?
11
Let b(r) = 2*r**2 - 5*r**2 - 4*r - 7*r + 4*r**2 + 9. What is b(10)?
-1
Let j(m) be the second derivative of -m**4/12 - 2*m**3/3 - m**2/2 - m. Let n be (0 + -20)/(-2)*6/(-15). Determine j(n).
-1
Suppose 0*f - 5*q + 18 = f, 0 = 4*f - 4*q + 24. Let x(k) = 3*k - 7. Let y(r) = 3 - 2 + 2*r - 2*r - r. Let n(b) = -x(b) - 5*y(b). Determine n(f).
-2
Let t(b) = 3*b - 5. Let u be (0 - 3/(-6))/(7/70). Determine t(u).
10
Let g(v) = -v**2 - 6*v + 1. Let q be -7 + -1 - 12/(-6). Give g(q).
1
Let u(t) = -t**3 - 6*t**2 - 6*t - 2. Suppose -r + 3*s + 7 = -s, 0 = -5*s - 15. Determine u(r).
3
Let l be 0*1*(-1)/(-2). Let w(m) = -m + 4*m + 2 - 4*m + l. What is w(3)?
-1
Let l(r) be the second derivative of 7/6*r**3 + 0 - 1/12*r**4 - 4*r - 5/2*r**2. Calculate l(5).
5
Let c(i) = -4 + 4*i + 0*i - i**2 + 4*i. Determine c(7).
3
Let n(u) = -u - 1. Suppose 6 = -3*q + 5*q. Suppose -q*c = 3*i - 135, 0 = -3*i - c + 19 + 106. Suppose -i = 5*y - 10. What is n(y)?
5
Let h be ((-2)/(-8))/(5/20). Let g(s) = 10*s**3 - 5*s**2 + s - 1. Let j(t) = -10*t**3 + 6*t**2 - t + 1. Let q(r) = -6*g(r) - 5*j(r). Determine q(h).
-10
Let c(l) be the second derivative of 1/2*l**2 + l + 0*l**3 + 1/12*l**4 + 0. Let h(a) = -a**3 + 3*a**2 - 3*a + 3. Let k be h(2). What is c(k)?
2
Let t(m) = -3*m**2 - 7*m + 7. Let b(c) = c**2 + c - 1. Suppose 2*z = -0 + 2. Suppose -4 = -5*l + z. Let s(f) = l*t(f) + 4*b(f). Give s(4).
7
Let d(f) = f + 9. Let t(r) = -r**3 - 4*r**2 - 4*r - 5. Let x = -6 + 2. Let o be t(x). Suppose 